{"id":4003,"date":"2020-09-16T11:22:39","date_gmt":"2020-09-16T09:22:39","guid":{"rendered":"https:\/\/afopriego.com\/?page_id=4003"},"modified":"2022-01-06T18:22:15","modified_gmt":"2022-01-06T17:22:15","slug":"iv-liga-fotografica-2020-2021","status":"publish","type":"page","link":"https:\/\/afopriego.com\/?page_id=4003","title":{"rendered":"V Liga fotogr\u00e1fica 2020 &#8211; 2021"},"content":{"rendered":"\n<figure class=\"wp-block-image size-large\"><img fetchpriority=\"high\" decoding=\"async\" width=\"1024\" height=\"234\" src=\"https:\/\/afopriego.com\/wp-content\/uploads\/2021\/09\/V-Liga-FAF-1024x234.jpg\" alt=\"\" class=\"wp-image-6475\" srcset=\"https:\/\/afopriego.com\/wp-content\/uploads\/2021\/09\/V-Liga-FAF-1024x234.jpg 1024w, https:\/\/afopriego.com\/wp-content\/uploads\/2021\/09\/V-Liga-FAF-300x69.jpg 300w, https:\/\/afopriego.com\/wp-content\/uploads\/2021\/09\/V-Liga-FAF-768x176.jpg 768w, https:\/\/afopriego.com\/wp-content\/uploads\/2021\/09\/V-Liga-FAF-500x114.jpg 500w, https:\/\/afopriego.com\/wp-content\/uploads\/2021\/09\/V-Liga-FAF.jpg 1280w\" sizes=\"(max-width: 1024px) 100vw, 1024px\" \/><\/figure>\n\n\n\n<p style=\"text-align: justify;\">La Federaci\u00f3n Andaluza de Fotograf\u00eda, despu\u00e9s de m\u00e1s de una d\u00e9cada en estado de \u201chibernaci\u00f3n\u201d, retoma su actividad, con nuevos br\u00edos y un ilusionante proyecto, respaldada de forma un\u00e1nime con la elecci\u00f3n de su nueva Junta Directiva, a partir del mes de septiembre de 2017.<br \/>En esta nueva etapa, la FAF se marca, como objetivo fundamental, el de\u00a0<strong>PROMOVER, DIFUNDIR Y FOMENTAR<\/strong>, a todos los niveles, la\u00a0<strong>FOTOGRAF\u00cdA<\/strong>, como expresi\u00f3n art\u00edstica y cultural.<br \/>Para conseguir este objetivo, nos fijamos como l\u00edneas principales, la\u00a0<strong>UNI\u00d3N, TRANSPARENCIA, INTEGRACI\u00d3N, DIVERSIDAD,\u00a0 la ADECUACI\u00d3N a los tiempos fotogr\u00e1ficos que imperan hoy en d\u00eda y sobre todo, CREAR VALOR A\u00d1ADIDO PARA LOS ASOCIADOS<\/strong>, que ser\u00edan los socios de aquellas Asociaciones fotogr\u00e1ficas que posean las condiciones reflejadas en nuestros estatutos, es decir asociaciones legalmente constituidas y reconocidas y sin \u00e1nimo de lucro.<br \/><strong>La FAF pretende ser el medio de hermanamiento y de conexi\u00f3n de todos los fot\u00f3grafos andaluces<\/strong>, a trav\u00e9s de sus Agrupaciones asociadas, con el fin de dar apoyo, reconocimiento y divulgaci\u00f3n de la obra de todos ellos.<br \/>En este sentido, la Federaci\u00f3n Andaluza de Fotograf\u00eda debe difundir y potenciar la fotograf\u00eda, tanto en Andaluc\u00eda como en el resto del territorio espa\u00f1ol, ofreciendo servicios que ayuden a desarrollar esos objetivos, como son: patrocinio de concursos, exposiciones, cursos, conferencias, distinciones de la FAF,\u00a0 creaci\u00f3n del cuerpo de Jurados, organizaci\u00f3n de eventos, \u00a0como el Premio Andaluz de Fotograf\u00eda, etc..<br \/>Igualmente, en el \u00e1nimo de la FAF est\u00e1 el potenciar las relaciones con todas las instituciones culturales andaluzas, as\u00ed como con otras organizaciones fotogr\u00e1ficas nacionales e internacionales, situando a la fotograf\u00eda andaluza en el lugar que le corresponde, tanto por su pasado, presente y futuro.<br \/><strong>Todos debemos tener cabida y ser respetados, representados, valorados y apoyados<\/strong>\u00a0desde nuestra Federaci\u00f3n y que su diversidad, sea un punto de encuentro y de cultura en esta su casa.<br \/>En cualquier caso,\u00a0<strong>la Federaci\u00f3n Andaluza de Fotograf\u00eda ser\u00e1 lo sus asociados quieran que sea<\/strong>, por ello esperamos contar con la participaci\u00f3n de todos.<br \/><p style=\"text-align: justify;\">Una herramienta para potenciar la relaci\u00f3n social de las Asociaciones y de los\/as socios\/as que las componen y para ello se ha creado una Liga Andaluza de Fotograf\u00eda que propicie esa relaci\u00f3n.<br \/><p style=\"text-align: justify;\"><strong><span class=\"tadv-color\" style=\"color: #329603;\">\u00a1\u00a1FAF, seguimos avanzando!!<\/span><\/strong><br \/><strong><br \/><\/strong><\/p>\n\n\n\n<p class=\"has-text-align-left\" style=\"text-align: justify;\"><strong><span class=\"tadv-color\" style=\"color: #fa0404;\">V LIGA DE LA F A F<\/span><\/strong><br>Esta&nbsp;<strong>V Liga<\/strong>&nbsp;(2021-2022) comenzar\u00e1 su andadura en el mes de Octubre de este a\u00f1o 2021, con el objetivo de convertirse en un &nbsp;nexo importante de uni\u00f3n entre los socios y la propia FAF y favorecer el conocimiento y el contacto entre todos los miembros de las Asociaciones y Agrupaciones andaluzas.<br>La Liga se realizar\u00e1 en<strong>&nbsp;8&nbsp;convocatorias<\/strong>, Octubre y Noviembre de 2021, Enero, Febrero, Marzo, Abril, Mayo y Junio de 2022,&nbsp; donde t\u00fa mismo podr\u00e1s subir tus fotograf\u00edas en la Web.<br>Os animamos a la participaci\u00f3n y al reto de estar cada d\u00eda m\u00e1s cerca, porque esta es \u201c<strong>LA LIGA DE TODOS LOS ANDALUCES<\/strong>\u201d.<br><br><strong><a href=\"https:\/\/www.federacionandaluzafotografia.com\/sites\/default\/files\/bases_v_liga_faf.pdf\" target=\"_blank\" rel=\"noreferrer noopener\">Aqu\u00ed&nbsp;<\/a>ten\u00e9is las&nbsp;Bases V Liga Andaluza de Fotograf\u00eda (FAF)<\/strong><br><br>Puedes participar en el&nbsp;<strong><a href=\"https:\/\/www.federacionandaluzafotografia.com\/rincon-del-socio\">rinc\u00f3n del socio<\/a><\/strong>&nbsp;&#8211;<strong>&nbsp;MUY IMPORTANTE&nbsp;<\/strong>&#8211; Para entrar, tienes que haberte identificado previamente, de no ser as\u00ed, no estar\u00e1s autorizado a entrar.<\/p>\n\n\n","protected":false},"excerpt":{"rendered":"<p>La Federaci\u00f3n Andaluza de Fotograf\u00eda, despu\u00e9s de m\u00e1s de una d\u00e9cada en estado de \u201chibernaci\u00f3n\u201d, retoma su actividad, con nuevos br\u00edos y un ilusionante proyecto, respaldada de forma un\u00e1nime con la elecci\u00f3n de su nueva Junta Directiva, a partir del &hellip; <a href=\"https:\/\/afopriego.com\/?page_id=4003\">Sigue leyendo <span class=\"meta-nav\">&rarr;<\/span><\/a><\/p>\n","protected":false},"author":1,"featured_media":7113,"parent":3193,"menu_order":1,"comment_status":"closed","ping_status":"closed","template":"","meta":{"_crdt_document":"","pagelayer_contact_templates":[],"_pagelayer_content":"","footnotes":""},"class_list":["post-4003","page","type-page","status-publish","has-post-thumbnail","hentry"],"_links":{"self":[{"href":"https:\/\/afopriego.com\/index.php?rest_route=\/wp\/v2\/pages\/4003","targetHints":{"allow":["GET"]}}],"collection":[{"href":"https:\/\/afopriego.com\/index.php?rest_route=\/wp\/v2\/pages"}],"about":[{"href":"https:\/\/afopriego.com\/index.php?rest_route=\/wp\/v2\/types\/page"}],"author":[{"embeddable":true,"href":"https:\/\/afopriego.com\/index.php?rest_route=\/wp\/v2\/users\/1"}],"replies":[{"embeddable":true,"href":"https:\/\/afopriego.com\/index.php?rest_route=%2Fwp%2Fv2%2Fcomments&post=4003"}],"version-history":[{"count":0,"href":"https:\/\/afopriego.com\/index.php?rest_route=\/wp\/v2\/pages\/4003\/revisions"}],"up":[{"embeddable":true,"href":"https:\/\/afopriego.com\/index.php?rest_route=\/wp\/v2\/pages\/3193"}],"wp:featuredmedia":[{"embeddable":true,"href":"https:\/\/afopriego.com\/index.php?rest_route=\/wp\/v2\/media\/7113"}],"wp:attachment":[{"href":"https:\/\/afopriego.com\/index.php?rest_route=%2Fwp%2Fv2%2Fmedia&parent=4003"}],"curies":[{"name":"wp","href":"https:\/\/api.w.org\/{rel}","templated":true}]}}