{"id":2094,"date":"2018-11-28T22:07:01","date_gmt":"2018-11-28T21:07:01","guid":{"rendered":"https:\/\/afopriego.com\/?page_id=2094"},"modified":"2022-01-06T18:21:41","modified_gmt":"2022-01-06T17:21:41","slug":"concurso-fotografico-iii-quedada","status":"publish","type":"page","link":"https:\/\/afopriego.com\/?page_id=2094","title":{"rendered":"Concurso Fotogr\u00e1fico III Quedada"},"content":{"rendered":"<p><span style=\"color: #ff0000; font-size: 24pt;\"><em><strong><a href=\"https:\/\/photos.app.goo.gl\/4SMcpTVXfHqB91Qv9\" target=\"_blank\" rel=\"noopener noreferrer\">Fotos Premiadas\u00a0<\/a><span style=\"font-size: 10pt;\">(Clica aqu\u00ed para verlas)<\/span><\/strong><\/em><\/span><\/p>\n<p><span style=\"color: #008000;\"><em><strong><span style=\"font-size: 14pt;\">V\u00eddeo de las fotograf\u00edas presentadas al Concurso<\/span><\/strong><\/em><\/span><br \/><iframe src=\"https:\/\/www.youtube.com\/embed\/P5INrQGmUuY?ecver=1\" width=\"560\" height=\"315\" frameborder=\"0\" allowfullscreen=\"allowfullscreen\"><\/iframe><\/p>\n<p><a href=\"https:\/\/flic.kr\/s\/aHsmx6a1op\" target=\"_blank\" rel=\"noopener noreferrer\"><span style=\"font-size: 12pt; color: #ff0000;\"><em><strong>Para ver las fotos presentadas a Concurso, clica sobre el cartel<\/strong><\/em><\/span><\/a><br \/><a href=\"https:\/\/flic.kr\/s\/aHsmx6a1op\" target=\"_blank\" rel=\"noopener noreferrer\"><img fetchpriority=\"high\" decoding=\"async\" class=\"alignright wp-image-1245 size-full\" src=\"https:\/\/afopriego.com\/wp-content\/uploads\/2018\/07\/Gala-premios-III-Quedada.jpg\" alt=\"\" width=\"2483\" height=\"3484\" srcset=\"https:\/\/afopriego.com\/wp-content\/uploads\/2018\/07\/Gala-premios-III-Quedada.jpg 2483w, https:\/\/afopriego.com\/wp-content\/uploads\/2018\/07\/Gala-premios-III-Quedada-214x300.jpg 214w, https:\/\/afopriego.com\/wp-content\/uploads\/2018\/07\/Gala-premios-III-Quedada-768x1078.jpg 768w, https:\/\/afopriego.com\/wp-content\/uploads\/2018\/07\/Gala-premios-III-Quedada-730x1024.jpg 730w\" sizes=\"(max-width: 2483px) 100vw, 2483px\" \/><\/a><\/p>\n\n\n<figure class=\"wp-block-image\"><a href=\"https:\/\/photos.app.goo.gl\/eVPAA2KWL23x7xeW7\" target=\"_blank\" rel=\"noreferrer noopener\"><img decoding=\"async\" width=\"1024\" height=\"683\" src=\"https:\/\/afopriego.com\/wp-content\/uploads\/2018\/12\/18.11.18_A.G.Redondo-012-1024x683.jpg\" alt=\"\" class=\"wp-image-2459\" srcset=\"https:\/\/afopriego.com\/wp-content\/uploads\/2018\/12\/18.11.18_A.G.Redondo-012-1024x683.jpg 1024w, https:\/\/afopriego.com\/wp-content\/uploads\/2018\/12\/18.11.18_A.G.Redondo-012-300x200.jpg 300w, https:\/\/afopriego.com\/wp-content\/uploads\/2018\/12\/18.11.18_A.G.Redondo-012-768x512.jpg 768w, https:\/\/afopriego.com\/wp-content\/uploads\/2018\/12\/18.11.18_A.G.Redondo-012-450x300.jpg 450w\" sizes=\"(max-width: 1024px) 100vw, 1024px\" \/><\/a><figcaption><strong>CLICA SOBRE LA IMAGEN PARA VER LA GALER\u00cdA<\/strong><\/figcaption><\/figure>\n","protected":false},"excerpt":{"rendered":"<p>Fotos Premiadas\u00a0(Clica aqu\u00ed para verlas) V\u00eddeo de las fotograf\u00edas presentadas al Concurso Para ver las fotos presentadas a Concurso, clica sobre el cartel<\/p>\n","protected":false},"author":1,"featured_media":7113,"parent":3193,"menu_order":2,"comment_status":"closed","ping_status":"closed","template":"","meta":{"_crdt_document":"","pagelayer_contact_templates":[],"_pagelayer_content":"","footnotes":""},"class_list":["post-2094","page","type-page","status-publish","has-post-thumbnail","hentry"],"_links":{"self":[{"href":"https:\/\/afopriego.com\/index.php?rest_route=\/wp\/v2\/pages\/2094","targetHints":{"allow":["GET"]}}],"collection":[{"href":"https:\/\/afopriego.com\/index.php?rest_route=\/wp\/v2\/pages"}],"about":[{"href":"https:\/\/afopriego.com\/index.php?rest_route=\/wp\/v2\/types\/page"}],"author":[{"embeddable":true,"href":"https:\/\/afopriego.com\/index.php?rest_route=\/wp\/v2\/users\/1"}],"replies":[{"embeddable":true,"href":"https:\/\/afopriego.com\/index.php?rest_route=%2Fwp%2Fv2%2Fcomments&post=2094"}],"version-history":[{"count":0,"href":"https:\/\/afopriego.com\/index.php?rest_route=\/wp\/v2\/pages\/2094\/revisions"}],"up":[{"embeddable":true,"href":"https:\/\/afopriego.com\/index.php?rest_route=\/wp\/v2\/pages\/3193"}],"wp:featuredmedia":[{"embeddable":true,"href":"https:\/\/afopriego.com\/index.php?rest_route=\/wp\/v2\/media\/7113"}],"wp:attachment":[{"href":"https:\/\/afopriego.com\/index.php?rest_route=%2Fwp%2Fv2%2Fmedia&parent=2094"}],"curies":[{"name":"wp","href":"https:\/\/api.w.org\/{rel}","templated":true}]}}